34549 a prime number?
True
Is 197178749 composite?
True
Is 24043951 composite?
True
Is 20187059 a composite number?
False
Is 6764189 composite?
False
Is 126489323 a prime number?
False
Is 48560063 prime?
False
Is 43245303 a composite number?
True
Is 39731 a prime number?
False
Is 2216021 composite?
False
Is 5289191 prime?
False
Is 4322881 a prime number?
True
Is 363071357 a prime number?
False
Is 1360027 a composite number?
False
Is 11710967 prime?
True
Is 5549261 a prime number?
True
Is 105440167 a composite number?
True
Is 586961029 prime?
False
Is 1653907 a prime number?
False
Is 98299273 prime?
False
Is 15473741 a composite number?
False
Is 2467702 prime?
False
Is 12128273 a prime number?
False
Is 86715095 a composite number?
True
Is 2560709 prime?
False
Is 37119209 composite?
False
Is 84346823 composite?
True
Is 51664667 prime?
False
Is 214804771 a prime number?
True
Is 72502793 a composite number?
True
Is 4032433 a prime number?
True
Is 35825649 a prime number?
False
Is 37611577 a prime number?
True
Is 28454026 a prime number?
False
Is 2457619 a composite number?
True
Is 4244221 a prime number?
True
Is 7210009 a prime number?
False
Is 4690073 a composite number?
True
Is 153089 prime?
True
Is 560801 prime?
False
Is 67380983 a prime number?
True
Is 146594293 a prime number?
False
Is 32746427 composite?
True
Is 102220123 composite?
False
Is 72373669 a prime number?
True
Is 153098093 prime?
True
Is 1057047 a composite number?
True
Is 227907247 a prime number?
False
Is 1328507 composite?
False
Is 6450739 a composite number?
True
Is 77808383 a composite number?
True
Is 1352749 composite?
False
Is 66852737 a composite number?
True
Is 7269202 a composite number?
True
Is 9095314 prime?
False
Is 6454267 a prime number?
False
Is 4167707 composite?
True
Is 53290841 composite?
True
Is 1916021 a prime number?
True
Is 320179 a prime number?
True
Is 106882421 prime?
True
Is 6950303 prime?
True
Is 237491731 a composite number?
False
Is 293913931 composite?
False
Is 206390213 a composite number?
False
Is 5726023 prime?
True
Is 1365499 a composite number?
False
Is 126915169 a composite number?
True
Is 1282477681 composite?
False
Is 13155323 a prime number?
True
Is 13452319 prime?
True
Is 245807 a prime number?
False
Is 4553651 prime?
True
Is 5296927 prime?
True
Is 47236979 a prime number?
True
Is 22533501 a composite number?
True
Is 2462557 a prime number?
True
Is 152528279 a prime number?
False
Is 5697127 prime?
True
Is 77329909 prime?
False
Is 8638606 composite?
True
Is 122340073 prime?
True
Is 738870289 a prime number?
False
Is 8347583 composite?
True
Is 111369619 a prime number?
True
Is 1556909 a composite number?
False
Is 19332839 prime?
False
Is 44890519 composite?
True
Is 33032893 prime?
False
Is 375258727 a prime number?
False
Is 13346521 a composite number?
True
Is 19369177 a composite number?
False
Is 1822861 a composite number?
True
Is 1635217 composite?
False
Is 109059157 prime?
True
Is 1017101 prime?
False
Is 47492026 a prime number?
False
Is 2109719 composite?
True
Is 5329559 a prime number?
True
Is 3184943 a composite number?
False
Is 286825166 prime?
False
Is 67634531 composite?
False
Is 5119831 a composite number?
True
Is 92324917 composite?
False
Is 2065363 a prime number?
True
Is 16823269 a composite number?
True
Is 8873251 a composite number?
False
Is 11670457 a prime number?
True
Is 23203091 a prime number?
True
Is 1762405 a composite number?
True
Is 19669687 a prime number?
True
Is 1661173 a prime number?
True
Is 43876259 composite?
True
Is 268117 a composite number?
True
Is 8387453 a prime number?
False
Is 481223 a prime number?
False
Is 207414451 prime?
True
Is 412553483 prime?
False
Is 513597811 prime?
False
Is 113836207 a prime number?
False
Is 208678651 a composite number?
False
Is 16708019 a composite number?
False
Is 197089069 a composite number?
False
Is 45801365 a composite number?
True
Is 2053303 a composite number?
True
Is 32784305 a prime number?
False
Is 47949203 a prime number?
True
Is 1204741 a composite number?
False
Is 953053 prime?
True
Is 1393871 a composite number?
False
Is 8532631 a prime number?
True
Is 59106241 prime?
False
Is 62504161 composite?
True
Is 2603467 prime?
True
Is 120341357 a composite number?
False
Is 16282081 prime?
True
Is 1317381713 a prime number?
True
Is 199970767 a prime number?
True
Is 3827919 a composite number?
True
Is 80849177 composite?
False
Is 31253771 composite?
True
Is 1167061 prime?
False
Is 175493833 a composite number?
False
Is 6368242 composite?
True
Is 15065251 a composite number?
False
Is 2892511 a prime number?
True
Is 27999017 composite?
True
Is 825859 prime?
False
Is 58109671 a composite number?
True
Is 122522789 composite?
False
Is 258822947 a composite number?
True
Is 73895791 prime?
False
Is 214157191 a prime number?
True
Is 916746223 prime?
True
Is 832621 prime?
True
Is 14001478 a composite number?
True
Is 118527173 a composite number?
False
Is 25279351 prime?
True
Is 22637411 prime?
True
Is 2142181 prime?
True
Is 2528891 a composite number?
False
Is 31947889 a prime number?
True
Is 6678079 a prime number?
True
Is 6146473 a composite number?
False
Is 9137237 a composite number?
True
Is 112027 a composite number?
True
Is 6420173 composite?
False
Is 126177479 composite?
False
Is 6379823 a composite number?
True
Is 244321991 prime?
True
Is 13152301 a prime number?
False
Is 89993723 a prime number?
True
Is 134020769 prime?
False
Is 543817 composite?
True
Is 12392357 composite?
False
Is 1630277 a composite number?
True
Is 4851029 a prime number?
True
Is 195983 a composite number?
True
Is 4244819 composite?
False
Is 3200543 a composite number?
False
Is 99854531 a prime number?
False
Is 31718 prime?
False
Is 50525983 composite?
False
Is 13320677 prime?
True
Is 4992681 prime?
False
Is 7309499 a prime number?
False
Is 41955101 a composite number?
True
Is 1030493 composite?
False
Is 16171391 a prime number?
False
Is 11669149 composite?
True
Is 2289031 a prime number?
True
Is 70645147 a composite number?
True
Is 550699 prime?
False
Is 12044185 prime?
False
Is 59185121 composite?
True
Is 34453729 prime?
True
Is 9026733 composite?
True
Is 86571883 prime?
True
Is 3750043 prime?
False
Is 47525587 prime?
True
Is 38474 composite?
True
Is 5391677 a prime number?
False
Is 149638861 a composite number?
True
Is 3761501 a prime number?
True
Is 1950243 a composite number?
True
Is 924907 a composite number?
False
Is 35022337 prime?
False
Is 15658307 prime?
False
Is 3824633 a prime number?
False
Is 733459 a composite number?
False
Is 1206851 prime?
False
Is 16866763 prime?
True
Is 1618517 a prime number?
True
Is 6702379 a composite number?
False
Is 47568397 a composite number?
True
Is 908434855 prime?
False
Is 24947401 a prime number?
False
Is 192307133 a composite number?
False
Is 5114253 a prime number?
False
Is 33456911 prime?
True
Is 2656009 composite?
False
Is 1095943 composite?
True
Is 2818833 a prime number?
False
Is 10347131 prime?
True
Is 3476271 a composite number?
True
Is 12036133 a composite number?
True
Is 27875693 composite?
False
Is 117018641 a prime number?
False
Is 13527958 a composite number?
True
Is 16138477 prime?
True
Is 6321643 a composite number?
False
Is 442126627 composite?
False
Is 148134521 a composite number?
True
Is 442393 prime?
False
Is 11514949 a composite number?
False
Is 30793097 composite?
False
Is 133449 a prime number?
False
Is 9871009 composite?
True
Is 208177 prime?
False
Is 46848863 prime?
True
Is 156672905 a composite number?
True
Is 15861185 prime?
False
Is 3732359 a prime number?
False
Is 92482483 prime?
True
Is 18101593 composite?
False
Is 8525467 prime?
False
Is 73506781 composite?
True
Is 645703 composite?
False
Is 8533321 composite?
True
Is 1172921 a composite number?
False
Is 663877 prime?
False
Is 42621031 a prime number?
True
Is 167939 composite?
True
Is 4609109 prime?
True
Is 193494857 composite?
False
Is 10607783 composite?
False
Is 265427485 composite?
True
Is 13599493 composite?
True
Is 2285771 prime?
False
Is 156413 prime?
False
Is 8204423 a composite number?
False
Is 1993783 prime?
False
Is 67821917 a composite number?
True
Is 7192349 a prime number?
True
Is 18071741 prime?
True
Is 166762091 composite?
True
Is 22022719 composite?
True
